{"id":5111,"date":"2023-11-02T12:21:48","date_gmt":"2023-11-02T12:21:48","guid":{"rendered":"https:\/\/rainbowit.net\/themes\/inbio\/doctor-copy\/"},"modified":"2025-07-25T13:08:46","modified_gmt":"2025-07-25T13:08:46","slug":"kezdolap","status":"publish","type":"page","link":"https:\/\/szerel.eu\/","title":{"rendered":"Kezd\u0151lap"},"content":{"rendered":"\t\t<div data-elementor-type=\"wp-page\" data-elementor-id=\"5111\" class=\"elementor elementor-5111\">\n\t\t\t\t\t\t<section class=\"elementor-section elementor-top-section elementor-element elementor-element-801d6b2 elementor-section-boxed elementor-section-height-default elementor-section-height-default\" data-id=\"801d6b2\" data-element_type=\"section\" data-settings=\"{&quot;background_background&quot;:&quot;classic&quot;}\">\n\t\t\t\t\t\t<div class=\"elementor-container elementor-column-gap-default\">\n\t\t\t\t\t<div class=\"elementor-column elementor-col-100 elementor-top-column elementor-element elementor-element-5d348b4\" data-id=\"5d348b4\" data-element_type=\"column\">\n\t\t\t<div class=\"elementor-widget-wrap elementor-element-populated\">\n\t\t\t\t\t\t<div class=\"elementor-element elementor-element-6faa17e elementor-widget elementor-widget-heading\" data-id=\"6faa17e\" data-element_type=\"widget\" data-widget_type=\"heading.default\">\n\t\t\t\t\t<h1 class=\"elementor-heading-title elementor-size-default\">\u00dcdv\u00f6zl\u00f6m a szerel.eu oldal\u00e1n!<\/h1>\t\t\t\t<\/div>\n\t\t\t\t\t<\/div>\n\t\t<\/div>\n\t\t\t\t\t<\/div>\n\t\t<\/section>\n\t\t\t\t<section class=\"elementor-section elementor-top-section elementor-element elementor-element-493712b9 elementor-section-boxed elementor-section-height-default elementor-section-height-default\" data-id=\"493712b9\" data-element_type=\"section\" data-settings=\"{&quot;background_background&quot;:&quot;classic&quot;}\">\n\t\t\t\t\t\t<div class=\"elementor-container elementor-column-gap-default\">\n\t\t\t\t\t<div class=\"elementor-column elementor-col-66 elementor-top-column elementor-element elementor-element-16b11a3\" data-id=\"16b11a3\" data-element_type=\"column\">\n\t\t\t<div class=\"elementor-widget-wrap elementor-element-populated\">\n\t\t\t\t\t\t<div class=\"elementor-element elementor-element-cc1aaf5 elementor-widget elementor-widget-spacer\" data-id=\"cc1aaf5\" data-element_type=\"widget\" data-widget_type=\"spacer.default\">\n\t\t\t\t\t\t\t<div class=\"elementor-spacer\">\n\t\t\t<div class=\"elementor-spacer-inner\"><\/div>\n\t\t<\/div>\n\t\t\t\t\t\t<\/div>\n\t\t\t\t<div class=\"elementor-element elementor-element-e7996f7 elementor-widget elementor-widget-heading\" data-id=\"e7996f7\" data-element_type=\"widget\" data-widget_type=\"heading.default\">\n\t\t\t\t\t<h3 class=\"elementor-heading-title elementor-size-default\">Szolg\u00e1ltat\u00e1saim:<\/h3>\t\t\t\t<\/div>\n\t\t\t\t<div class=\"elementor-element elementor-element-b6e5173 elementor-widget elementor-widget-text-editor\" data-id=\"b6e5173\" data-element_type=\"widget\" data-widget_type=\"text-editor.default\">\n\t\t\t\t\t\t\t\t\t<h5 dir=\"auto\">\u2022 <strong>F\u00f6ld\u00f6n \u00e1ll\u00f3 m\u00e9r\u0151szekr\u00e9ny (villany\u00f3ra szekr\u00e9ny) telep\u00edt\u00e9se<\/strong><\/h5><div dir=\"auto\">Az ig\u00e9nybejelent\u00e9s teljesk\u00f6r\u0171 \u00fcgyint\u00e9z\u00e9s\u00e9vel Budapesten \u00e9s Pest megy\u00e9ben.<br \/><span style=\"color: #ffffff;\"><strong>\u00c1r: 80-120 ezer Ft +\u00c1FA + anyagk\u00f6lts\u00e9g<\/strong><\/span><\/div><div dir=\"auto\">\u00a0<\/div><h5 dir=\"auto\">\u2022 <strong>Ipari, ak\u00e1r MW-os ig\u00e9nyek ind\u00edt\u00e1sa, \u00e9s ig\u00e9ny eset\u00e9n a projektir\u00e1ny\u00edt\u00e1sa<\/strong><\/h5><div dir=\"auto\"><span style=\"color: #ffffff;\"><strong>\u00c1r: megegyez\u00e9s szerint\u00a0\u00a0<\/strong><\/span><\/div><div dir=\"auto\">\u00a0<\/div><h5 dir=\"auto\">\u2022 <strong>Energetikai tan\u00e1csad\u00e1s, \u00fcgyint\u00e9z\u00e9s<\/strong><\/h5><div dir=\"auto\"><span style=\"color: #ffffff;\"><strong>\u00c1r: a megtakar\u00edt\u00e1s 12%-a 3 \u00e9ven kereszt\u00fcl<\/strong><\/span><\/div>\t\t\t\t\t\t\t\t<\/div>\n\t\t\t\t\t<\/div>\n\t\t<\/div>\n\t\t\t\t<div class=\"elementor-column elementor-col-33 elementor-top-column elementor-element elementor-element-24fb0e59\" data-id=\"24fb0e59\" data-element_type=\"column\" data-settings=\"{&quot;background_background&quot;:&quot;classic&quot;}\">\n\t\t\t<div class=\"elementor-widget-wrap elementor-element-populated\">\n\t\t\t\t\t\t<div class=\"elementor-element elementor-element-53cc750 elementor-widget elementor-widget-image\" data-id=\"53cc750\" data-element_type=\"widget\" data-widget_type=\"image.default\">\n\t\t\t\t\t\t\t\t\t\t\t\t\t\t\t<img fetchpriority=\"high\" decoding=\"async\" width=\"640\" height=\"841\" src=\"https:\/\/szerel.eu\/wp-content\/uploads\/2025\/07\/1000006697-1-779x1024.webp\" class=\"attachment-large size-large wp-image-5356\" alt=\"\" srcset=\"https:\/\/szerel.eu\/wp-content\/uploads\/2025\/07\/1000006697-1-779x1024.webp 779w, https:\/\/szerel.eu\/wp-content\/uploads\/2025\/07\/1000006697-1-228x300.webp 228w, https:\/\/szerel.eu\/wp-content\/uploads\/2025\/07\/1000006697-1-768x1010.webp 768w, https:\/\/szerel.eu\/wp-content\/uploads\/2025\/07\/1000006697-1.webp 1074w\" sizes=\"(max-width: 640px) 100vw, 640px\" \/>\t\t\t\t\t\t\t\t\t\t\t\t\t\t\t<\/div>\n\t\t\t\t\t<\/div>\n\t\t<\/div>\n\t\t\t\t\t<\/div>\n\t\t<\/section>\n\t\t\t\t<section class=\"elementor-section elementor-top-section elementor-element elementor-element-b2ad5fc elementor-section-boxed elementor-section-height-default elementor-section-height-default\" data-id=\"b2ad5fc\" data-element_type=\"section\" data-settings=\"{&quot;background_background&quot;:&quot;classic&quot;}\">\n\t\t\t\t\t\t<div class=\"elementor-container elementor-column-gap-default\">\n\t\t\t\t\t<div class=\"elementor-column elementor-col-33 elementor-top-column elementor-element elementor-element-f799d11\" data-id=\"f799d11\" data-element_type=\"column\" data-settings=\"{&quot;background_background&quot;:&quot;classic&quot;}\">\n\t\t\t<div class=\"elementor-widget-wrap elementor-element-populated\">\n\t\t\t\t\t\t<div class=\"elementor-element elementor-element-0e3d909 elementor-widget elementor-widget-image\" data-id=\"0e3d909\" data-element_type=\"widget\" data-widget_type=\"image.default\">\n\t\t\t\t\t\t\t\t\t\t\t\t\t\t\t<img decoding=\"async\" width=\"640\" height=\"824\" src=\"https:\/\/szerel.eu\/wp-content\/uploads\/2025\/07\/Kiss_Jozsef-795x1024.webp\" class=\"attachment-large size-large wp-image-5357\" alt=\"\" srcset=\"https:\/\/szerel.eu\/wp-content\/uploads\/2025\/07\/Kiss_Jozsef-795x1024.webp 795w, https:\/\/szerel.eu\/wp-content\/uploads\/2025\/07\/Kiss_Jozsef-233x300.webp 233w, https:\/\/szerel.eu\/wp-content\/uploads\/2025\/07\/Kiss_Jozsef-768x989.webp 768w, https:\/\/szerel.eu\/wp-content\/uploads\/2025\/07\/Kiss_Jozsef-1193x1536.webp 1193w, https:\/\/szerel.eu\/wp-content\/uploads\/2025\/07\/Kiss_Jozsef.webp 1590w\" sizes=\"(max-width: 640px) 100vw, 640px\" \/>\t\t\t\t\t\t\t\t\t\t\t\t\t\t\t<\/div>\n\t\t\t\t\t<\/div>\n\t\t<\/div>\n\t\t\t\t<div class=\"elementor-column elementor-col-66 elementor-top-column elementor-element elementor-element-fb7e360\" data-id=\"fb7e360\" data-element_type=\"column\">\n\t\t\t<div class=\"elementor-widget-wrap elementor-element-populated\">\n\t\t\t\t\t\t<div class=\"elementor-element elementor-element-db8e6e5 elementor-widget elementor-widget-spacer\" data-id=\"db8e6e5\" data-element_type=\"widget\" data-widget_type=\"spacer.default\">\n\t\t\t\t\t\t\t<div class=\"elementor-spacer\">\n\t\t\t<div class=\"elementor-spacer-inner\"><\/div>\n\t\t<\/div>\n\t\t\t\t\t\t<\/div>\n\t\t\t\t<div class=\"elementor-element elementor-element-919ab96 elementor-widget elementor-widget-heading\" data-id=\"919ab96\" data-element_type=\"widget\" data-widget_type=\"heading.default\">\n\t\t\t\t\t<h3 class=\"elementor-heading-title elementor-size-default\">El\u00e9rhet\u0151s\u00e9geim<\/h3>\t\t\t\t<\/div>\n\t\t\t\t<div class=\"elementor-element elementor-element-6c2de24 elementor-widget elementor-widget-text-editor\" data-id=\"6c2de24\" data-element_type=\"widget\" data-widget_type=\"text-editor.default\">\n\t\t\t\t\t\t\t\t\t<p><span style=\"color: #bababa;\"><strong>\u00c9rdekl\u0151d\u00e9s vagy k\u00e9rd\u00e9s eset\u00e9n vegye fel velem b\u00e1tran a kapcsolatot!<\/strong><\/span><\/p><h5><span style=\"color: #ffffff;\">Kiss J\u00f3zsef<\/span><\/h5><h4><span style=\"color: #ffffff;\">Telefon: +36-20-312-5232<\/span><\/h4><h4><span style=\"color: #ffffff;\">E-mail: szerel.eu@gmail.com<\/span><\/h4>\t\t\t\t\t\t\t\t<\/div>\n\t\t\t\t\t<\/div>\n\t\t<\/div>\n\t\t\t\t\t<\/div>\n\t\t<\/section>\n\t\t\t\t<\/div>\n\t\t","protected":false},"excerpt":{"rendered":"<p>\u00dcdv\u00f6zl\u00f6m a szerel.eu oldal\u00e1n! Szolg\u00e1ltat\u00e1saim: \u2022 F\u00f6ld\u00f6n \u00e1ll\u00f3 m\u00e9r\u0151szekr\u00e9ny (villany\u00f3ra szekr\u00e9ny) telep\u00edt\u00e9se Az ig\u00e9nybejelent\u00e9s teljesk\u00f6r\u0171 \u00fcgyint\u00e9z\u00e9s\u00e9vel Budapesten \u00e9s Pest megy\u00e9ben.\u00c1r: 80-120 ezer Ft +\u00c1FA + anyagk\u00f6lts\u00e9g\u00a0 \u2022 Ipari, ak\u00e1r MW-os ig\u00e9nyek ind\u00edt\u00e1sa, \u00e9s ig\u00e9ny eset\u00e9n a projektir\u00e1ny\u00edt\u00e1sa \u00c1r: megegyez\u00e9s szerint\u00a0\u00a0\u00a0 \u2022 Energetikai tan\u00e1csad\u00e1s, \u00fcgyint\u00e9z\u00e9s \u00c1r: a megtakar\u00edt\u00e1s 12%-a 3 \u00e9ven kereszt\u00fcl El\u00e9rhet\u0151s\u00e9geim \u00c9rdekl\u0151d\u00e9s vagy k\u00e9rd\u00e9s [&hellip;]<\/p>\n","protected":false},"author":1,"featured_media":0,"parent":0,"menu_order":0,"comment_status":"closed","ping_status":"closed","template":"elementor_header_footer","meta":{"_acf_changed":false,"footnotes":""},"class_list":["post-5111","page","type-page","status-publish","hentry"],"acf":[],"_links":{"self":[{"href":"https:\/\/szerel.eu\/index.php?rest_route=\/wp\/v2\/pages\/5111","targetHints":{"allow":["GET"]}}],"collection":[{"href":"https:\/\/szerel.eu\/index.php?rest_route=\/wp\/v2\/pages"}],"about":[{"href":"https:\/\/szerel.eu\/index.php?rest_route=\/wp\/v2\/types\/page"}],"author":[{"embeddable":true,"href":"https:\/\/szerel.eu\/index.php?rest_route=\/wp\/v2\/users\/1"}],"replies":[{"embeddable":true,"href":"https:\/\/szerel.eu\/index.php?rest_route=%2Fwp%2Fv2%2Fcomments&post=5111"}],"version-history":[{"count":42,"href":"https:\/\/szerel.eu\/index.php?rest_route=\/wp\/v2\/pages\/5111\/revisions"}],"predecessor-version":[{"id":5433,"href":"https:\/\/szerel.eu\/index.php?rest_route=\/wp\/v2\/pages\/5111\/revisions\/5433"}],"wp:attachment":[{"href":"https:\/\/szerel.eu\/index.php?rest_route=%2Fwp%2Fv2%2Fmedia&parent=5111"}],"curies":[{"name":"wp","href":"https:\/\/api.w.org\/{rel}","templated":true}]}}